 when 1615 is divided by 49.
47
Calculate the remainder when 629 is divided by 90.
89
What is the remainder when 381 is divided by 37?
11
What is the remainder when 1119 is divided by 80?
79
What is the remainder when 4173 is divided by 72?
69
Calculate the remainder when 230 is divided by 29.
27
What is the remainder when 412 is divided by 88?
60
What is the remainder when 47 is divided by 5?
2
What is the remainder when 2912 is divided by 134?
98
Calculate the remainder when 4764 is divided by 1187.
16
What is the remainder when 6997 is divided by 70?
67
What is the remainder when 166 is divided by 28?
26
Calculate the remainder when 83 is divided by 21.
20
Calculate the remainder when 1049 is divided by 104.
9
Calculate the remainder when 1614 is divided by 105.
39
What is the remainder when 214 is divided by 5?
4
Calculate the remainder when 62 is divided by 24.
14
What is the remainder when 786 is divided by 53?
44
Calculate the remainder when 37 is divided by 13.
11
What is the remainder when 349 is divided by 110?
19
What is the remainder when 380 is divided by 16?
12
What is the remainder when 76 is divided by 7?
6
Calculate the remainder when 102 is divided by 21.
18
Calculate the remainder when 887 is divided by 10.
7
Calculate the remainder when 28 is divided by 10.
8
What is the remainder when 108 is divided by 16?
12
What is the remainder when 62 is divided by 6?
2
Calculate the remainder when 122 is divided by 17.
3
What is the remainder when 253 is divided by 244?
9
What is the remainder when 166 is divided by 19?
14
What is the remainder when 1222 is divided by 34?
32
Calculate the remainder when 191 is divided by 51.
38
Calculate the remainder when 1184 is divided by 355.
119
Calculate the remainder when 190 is divided by 181.
9
Calculate the remainder when 4427 is divided by 29.
19
What is the remainder when 15147 is divided by 26?
15
What is the remainder when 37 is divided by 11?
4
What is the remainder when 778 is divided by 57?
37
Calculate the remainder when 175 is divided by 36.
31
What is the remainder when 1067 is divided by 270?
257
Calculate the remainder when 47 is divided by 35.
12
Calculate the remainder when 217 is divided by 31.
0
Calculate the remainder when 58 is divided by 50.
8
Calculate the remainder when 170 is divided by 164.
6
What is the remainder when 5028 is divided by 13?
10
Calculate the remainder when 946 is divided by 10.
6
Calculate the remainder when 2351 is divided by 7.
6
Calculate the remainder when 415 is divided by 22.
19
Calculate the remainder when 250 is divided by 126.
124
What is the remainder when 389 is divided by 49?
46
Calculate the remainder when 5458 is divided by 6.
4
What is the remainder when 2002 is divided by 53?
41
Calculate the remainder when 415 is divided by 194.
27
Calculate the remainder when 530 is divided by 9.
8
What is the remainder when 284 is divided by 38?
18
Calculate the remainder when 415 is divided by 13.
12
Calculate the remainder when 54 is divided by 15.
9
Calculate the remainder when 618 is divided by 13.
7
Calculate the remainder when 4339 is divided by 53.
46
Calculate the remainder when 295 is divided by 42.
1
What is the remainder when 74 is divided by 40?
34
Calculate the remainder when 32 is divided by 24.
8
What is the remainder when 1256 is divided by 14?
10
Calculate the remainder when 2723 is divided by 29.
26
Calculate the remainder when 1104 is divided by 41.
38
Calculate the remainder when 447 is divided by 28.
27
Calculate the remainder when 687 is divided by 229.
0
Calculate the remainder when 10 is divided by 5.
0
Calculate the remainder when 839 is divided by 85.
74
Calculate the remainder when 286 is divided by 32.
30
Calculate the remainder when 344 is divided by 59.
49
Calculate the remainder when 122 is divided by 4.
2
Calculate the remainder when 1422 is divided by 453.
63
What is the remainder when 1005 is divided by 950?
55
Calculate the remainder when 192 is divided by 38.
2
What is the remainder when 115 is divided by 32?
19
Calculate the remainder when 111 is divided by 97.
14
What is the remainder when 254 is divided by 82?
8
Calculate the remainder when 122 is divided by 75.
47
Calculate the remainder when 1368 is divided by 11.
4
What is the remainder when 153 is divided by 39?
36
Calculate the remainder when 37 is divided by 4.
1
Calculate the remainder when 73 is divided by 22.
7
What is the remainder when 4708 is divided by 30?
28
What is the remainder when 76 is divided by 26?
24
Calculate the remainder when 169 is divided by 16.
9
Calculate the remainder when 80 is divided by 38.
4
Calculate the remainder when 105 is divided by 38.
29
What is the remainder when 118 is divided by 11?
8
What is the remainder when 2323 is divided by 19?
5
What is the remainder when 282 is divided by 169?
113
Calculate the remainder when 105 is divided by 4.
1
Calculate the remainder when 1213 is divided by 420.
373
Calculate the remainder when 3909 is divided by 23.
22
Calculate the remainder when 415 is divided by 12.
7
Calculate the remainder when 494 is divided by 160.
14
What is the remainder when 958 is divided by 32?
30
Calculate the remainder when 583 is divided by 29.
3
What is the remainder when 4948 is divided by 110?
108
Calculate the remainder when 679 is divided by 167.
11
Calculate the remainder when 986 is divided by 209.
150
What is the remainder when 84 is divided by 24?
12
Calculate the remainder when 282 is divided by 27.
12
What is the remainder when 375 is divided by 77?
67
Calculate the remainder when 341 is divided by 44.
33
Calculate the remainder when 1619 is divided by 15.
14
Calculate the remainder when 61 is divided by 8.
5
Calculate the remainder when 149 is divided by 25.
24
What is the remainder when 336 is divided by 27?
12
Calculate the remainder when 48 is divided by 13.
9
Calculate the remainder when 33905 is divided by 28.
25
Calculate the remainder when 360 is divided by 118.
6
Calculate the remainder when 6521 is divided by 14.
11
Calculate the remainder when 365 is divided by 46.
43
Calculate the remainder when 206 is divided by 15.
11
What is the remainder when 14839 is divided by 28?
27
What is the remainder when 3012 is divided by 9?
6
What is the remainder when 1492 is divided by 99?
7
Calculate the remainder when 182 is divided by 23.
21
Calculate the remainder when 490 is divided by 486.
4
Calculate the remainder when 38 is divided by 26.
12
Calculate the remainder when 265 is divided by 71.
52
Calculate the remainder when 676 is divided by 146.
92
What is the remainder when 488 is divided by 44?
4
What is the remainder when 134 is divided by 121?
13
Calculate the remainder when 206 is divided by 42.
38
Calculate the remainder when 179 is divided by 78.
23
What is the remainder when 4541 is divided by 71?
68
Calculate the remainder when 164 is divided by 5.
4
Calculate the remainder when 61 is divided by 23.
15
Calculate the remainder when 162 is divided by 141.
21
What is the remainder when 6423 is divided by 21?
18
What is the remainder when 2239 is divided by 1109?
21
What is the remainder when 39718 is divided by 10?
8
What is the remainder when 529 is divided by 181?
167
Calculate the remainder when 54 is divided by 15.
9
Calculate the remainder when 3968 is divided by 147.
146
Calculate the remainder when 523 is divided by 257.
9
Calculate the remainder when 963 is divided by 61.
48
What is the remainder when 26 is divided by 9?
8
What is the remainder when 164 is divided by 11?
10
Calculate the remainder when 18 is divided by 11.
7
What is the remainder when 1079 is divided by 60?
59
Calculate the remainder when 409 is divided by 52.
45
What is the remainder when 175 is divided by 52?
19
What is the remainder when 97 is divided by 49?
48
What is the remainder when 833 is divided by 203?
21
What is the remainder when 5837 is divided by 99?
95
What is the remainder when 1403 is divided by 142?
125
Calculate the remainder when 4453 is divided by 81.
79
What is the remainder when 96 is divided by 78?
18
Calculate the remainder when 250 is divided by 8.
2
Calculate the remainder when 14979 is divided by 140.
139
Calculate the remainder when 4381 is divided by 57.
49
Calculate the remaind